.
18
Suppose -12*a + 29*a - 578 = 0. What is the greatest common factor of 255 and a?
17
Let j = 28 - 56. Let k be (-14)/98 - 18148/j. Calculate the highest common factor of k and 81.
81
Suppose 27*o - 28*o + 468 = -2*y, 0 = o - 5*y - 459. What is the greatest common divisor of o and 192?
6
Let n be (164 - 188)*5/(-2). What is the greatest common factor of 5820 and n?
60
Suppose 2*j = -4*a + 62 + 62, -2*j = -2*a + 68. Let b(g) = g**3 - 10*g**2 + 74*g - 256. Let r be b(8). What is the highest common factor of r and a?
16
Suppose 286 = 10*z - 8*z. Suppose 57 = 2*k - j, 13 = -k + 2*j + 49. Calculate the greatest common divisor of k and z.
13
Suppose -4*i + 5*q = -72, 5*i + 2*q = -1394 + 1418. Calculate the highest common divisor of i and 1006.
2
Let f = 116 - 39. Let s = 2145 + -2134. Calculate the greatest common factor of s and f.
11
Suppose -6*p + 3*p = -4*b - 20, -4*p = -5*b - 26. Let v = b + 10. What is the highest common divisor of v and 40?
8
Let p be (-4)/16 + 19134/48*2. Suppose 41*o = 2401 + p. Calculate the highest common divisor of o and 208.
26
Let s = -136 + 345. Suppose 13*w - s = -14. Let u = 176 - 11. What is the highest common divisor of u and w?
15
Let j be ((-3)/(-9))/((-3)/9) - -608. Let p = 617 - j. Calculate the greatest common divisor of 50 and p.
10
Suppose 10 = -3*r + 4*u, r + u = 3*r + 5. Let a be 2/(r + 84/39). Calculate the greatest common divisor of 416 and a.
13
Let z be (-2)/10 - (-2028)/15. Let s(x) = -151*x + 3931. Let p be s(26). Calculate the greatest common factor of p and z.
5
Let a = -14 + 26. Suppose -g + 5*v + 84 = 4, -112 = -g + 13*v. Calculate the greatest common factor of g and a.
12
Let s(b) = 14*b - 29*b + 23*b - 1 - b**2. Let x be s(4). Calculate the greatest common factor of x and 75.
15
Suppose 53*f - 2738 + 2676 = 57178. Calculate the greatest common divisor of 280 and f.
40
Suppose -1059 = -151*f + 1659. What is the greatest common divisor of 3522 and f?
6
Suppose -23 = -3*n - 5. Suppose -5*y = -n*y + 12. Calculate the greatest common factor of y and 15.
3
Let v = -26089 - -26221. Calculate the highest common divisor of v and 2838.
66
Let v = -5 + 9. Suppose -3*t = v*j - 125, -5*j + 133 = -j - 5*t. What is the greatest common factor of 4 and j?
4
Let k = -766 + 1153. What is the greatest common factor of k and 9?
9
Suppose -4*b - 2*j = 350, 0*b + 439 = -5*b - j. Let u = b - -84. Let d(y) = -77*y - 7. Let k be d(u). Calculate the highest common divisor of k and 43.
43
Let j = -214 - -196. Let g(l) = -2*l**2 - 46*l - 48. Let x be g(j). What is the greatest common divisor of 99 and x?
33
Suppose -8*f = 12 - 37 - 127. Calculate the highest common divisor of f and 16131.
19
Let l(n) = -n**3 + 5*n**2 + 4*n - 14. Let w be l(4). Suppose 216 = 2*x + 2*x. Let g be ((-84)/w)/((-4)/x). What is the greatest common divisor of 7 and g?
7
Suppose 10*c - 103 = 67. Suppose 1261 = c*y + 71. What is the highest common factor of y and 10?
10
Let n(v) = -34*v**2 + 203*v + 66. Let f be n(6). What is the greatest common factor of f and 6252?
12
Let y(v) = -3*v - 90. Let f be y(-30). Suppose 2*t = x - 4*x + 24, 3*x + 4*t - 18 = f. Calculate the highest common divisor of 40 and x.
10
Suppose 0 = -m + 4*i + 452, 5*m - 1265 - 938 = i. Suppose 0 = 6*b - 22 - m. Suppose 0 = 76*o - b*o + 9. Calculate the greatest common divisor of o and 45.
9
Let q(c) = 15*c**2 - c + 4. Let x be q(-3). Suppose 3*n - 204 = -3*d, -5*d + 343 = -12*n + 16*n. Calculate the greatest common factor of d and x.
71
Let y = -2413 + 3297. Calculate the highest common factor of y and 52.
52
Suppose 2*c - o - 1037 + 201 = 0, 0 = -3*c + 4*o + 1244. Calculate the greatest common divisor of c and 2016.
84
Suppose -13*c + 35 = -6*c. Suppose 1001 = 5*s - 4*m - 471, c*m = -5*s + 1490. What is the greatest common divisor of 37 and s?
37
Let l(r) = -7*r - 10. Let j be l(-5). Calculate the greatest common divisor of j and 14275.
25
Let c = 280 + 1498. What is the greatest common factor of 635 and c?
127
Let i(o) = -240*o - 3807. Let b be i(-16). What is the greatest common factor of 6 and b?
3
Suppose 0 = -g - 4*s + 94, 13*g - 281 = 9*g + 3*s. Calculate the highest common divisor of g and 6438.
74
Let l be 4 + 9 + -7 - 57. Let j be l/(-24) - -2 - (-18)/(-144). What is the highest common divisor of j and 228?
4
Suppose -8 = -h - 3*h. Let d be (-4)/h - (-3 - 25). Let v be (-8)/(-36) + 23350/225. What is the greatest common factor of v and d?
26
Let x(m) = 7*m**2 - 35*m - 12. Let t be x(7). Suppose -4*d + 95 = 5*f, -d + 2*f - t = -5*d. Calculate the highest common divisor of d and 5.
5
Let r(s) be the second derivative of -2/3*s**3 + 0 + 4*s**2 - 13*s + 1/12*s**4. Let o be r(4). What is the highest common factor of 64 and o?
8
Suppose 2*s - 5*r - 368 = 0, -2*s + r + 143 = -233. What is the greatest common factor of 621 and s?
27
Let s be 14*60/350 - 2/5. Suppose s*y - 77 = -5*y. Calculate the highest common divisor of 33 and y.
11
Let l be (1463/(-14))/(1/(-2)). Suppose -l - 511 = -5*z. Let y be (1 + 1)*(-8 - -16). What is the greatest common factor of y and z?
16
Let p be (-6)/(-9) - 224/(-6). Let k be (2 - -2) + (3 - 2)*-2. Suppose 0 = -q + c + 61, k*q + 5*c = -0*q + 94. Calculate the highest common factor of q and p.
19
Suppose 23595 = 37*k + 18*k. Calculate the greatest common factor of k and 363.
33
Suppose 0 = -266*y + 13944 + 17976. Let x be (33/(-12))/((-2)/(-8)). Let n = 26 + x. Calculate the greatest common factor of y and n.
15
Let m(r) = r**2 + 14*r + 15. Let c be m(-16). Let a = c - 35. Let i be (-4 - 0) + (28 - 0). Calculate the highest common factor of i and a.
12
Let t = -212 - -210. Let h be -1 + (34 - 5) + t. What is the highest common divisor of h and 286?
26
Suppose -3564 = 3*n + 8*n. Let y = n + 328. What is the highest common factor of y and 116?
4
Suppose 192 = 142*d - 1086. What is the greatest common factor of d and 7866?
9
Let b(a) = a**3 + 3*a**2 - 13*a - 11. Let z be b(-5). Suppose 3*k - 968 = -z*x, 3*x + 996 = -20*k + 23*k. What is the greatest common factor of 41 and k?
41
Let f(r) = r**3 + 5*r**2 + 4*r - 1. Let x be f(-4). Let k be x/(-3) + (-10)/45*-102. Let t = 62 + k. What is the greatest common factor of 34 and t?
17
Let k(y) = 5*y**2 + 15*y - 80. Let v be k(-20). What is the greatest common divisor of v and 30?
30
Let w(t) be the second derivative of t**4/12 - 3*t**3/2 - 4*t**2 + 2*t - 41. Let i be w(11). What is the greatest common factor of i and 49?
7
Suppose 44*v + 1402 = 4174. What is the highest common divisor of v and 6447?
21
Let u be 24/(-64) + (-2198)/(-16). Let a = u + -123. Calculate the highest common divisor of a and 77.
7
Let p(y) = 105*y**2 + 5*y - 7. Let u be (9/6)/((-27)/54). Let m be p(u). Calculate the highest common factor of 13 and m.
13
Suppose -3540 = -5*r - p, -r = -4*p - 448 - 260. Calculate the greatest common divisor of 204 and r.
12
Suppose 8509 = -6*y + 8713. Let o be 0/(-5) + 611 + 1. Calculate the highest common divisor of y and o.
34
Let p = 304 + -199. Let y = -34 + 36. Suppose 60 = 2*o + y*o. Calculate the greatest common divisor of p and o.
15
Suppose -14*v = 2997 - 7701. What is the highest common divisor of v and 560?
112
Suppose -47*w + 96 = -41*w. Suppose 0 = 12*r - w*r + 168. Calculate the greatest common factor of 70 and r.
14
Let n = -270 - -246. Let t be 12/8 + (-420)/n. Calculate the highest common factor of 513 and t.
19
Suppose -4*f + 1843 = 3*d + 2*d, 3*d = f + 1116. Let p = d - 51. What is the highest common factor of p and 40?
40
Suppose -9*h = -5*h - 216. Let t = 87 - h. Let g be ((-16)/4)/(-4)*t. Calculate the greatest common factor of 3 and g.
3
Let v(u) = -57*u + 1283. Let m be v(-21). Calculate the greatest common divisor of 80 and m.
80
Let u be ((-1437)/4)/(177/12 + -15). Suppose 3*d + u = 2*y, -17*y + 12*y = -3*d - 3597. Calculate the highest common factor of y and 9.
9
Let j be 22/(-77) - (8454/(-42) + 1). Calculate the highest common factor of j and 875.
25
Let o be (-8)/(-18) - 29967/(-189). Suppose -3*r + m = -o, 0 = 3*r - 11*m + 14*m - 171. Let q = 15 - 9. What is the highest common factor of q and r?
6
Let u be ((-14)/4)/(1/(-2)). Let g be (1 + 2)/(31/31). Suppose 3*j - 79 = o - g*o, 0 = 5*o - 5*j - 160. What is the highest common factor of o and u?
7
Let d be 26 - 